{"id":134,"date":"2020-01-13T18:20:04","date_gmt":"2020-01-13T17:20:04","guid":{"rendered":"http:\/\/www.apluspose.com\/galerie\/?page_id=134"},"modified":"2021-06-21T11:30:51","modified_gmt":"2021-06-21T09:30:51","slug":"cloisons-placo-entreprise-batiment-oise-val-d-oise","status":"publish","type":"page","link":"https:\/\/www.apluspose.com\/galerie\/cloisons-placo-entreprise-batiment-oise-val-d-oise\/","title":{"rendered":"Cloisons en BA13"},"content":{"rendered":"<p>[vc_row][vc_column][vc_column_text]<\/p>\n<h2 style=\"font-size: 24px; text-align: center;\">Cloison BA 13, Placo, Siniat, cloison coupe feu<\/h2>\n<h2 style=\"text-align: center;\">Am\u00e9nagement de bureau dans l&rsquo;Oise et Val d&rsquo;Oise<\/h2>\n<h4>Nous intervenons dans l\u2019am\u00e9nagement de bureaux avec la pose de vos cloisons placo, pour nos clients commer\u00e7ants, entreprise, EHPAD, mairies et collectivit\u00e9s des villes de Beauvais, M\u00e9ru, Chambly, Persan, Creil, Chantilly, Luzarches, Senlis, Nogent-sur-Oise, Compi\u00e8gne, Cergy-Pontoise \u2026<\/h4>\n<p>Nos r\u00e9f\u00e9rences : P\u00f4le PMAD Saint Denis, Boutique Miele Paris boulevars Malesherbes, am\u00e9nagement combles Viarmes&#8230;[\/vc_column_text][\/vc_column][\/vc_row][vc_row][vc_column][vc_empty_space][\/vc_column][\/vc_row][vc_row content_placement=\u00a0\u00bbmiddle\u00a0\u00bb][vc_column][vc_masonry_media_grid style=\u00a0\u00bblazy\u00a0\u00bb items_per_page=\u00a0\u00bb20&Prime; element_width=\u00a0\u00bb3&Prime; grid_id=\u00a0\u00bbvc_gid:1624267793822-d1a0815b-bb7c-3&Prime; include=\u00a0\u00bb135,136,137,138,139,140,141,142,143,144,145,146,150,151,152,153,154,155,156,157,158,159,472,471,160,161,162,163,164,165,166,459,460,461,462,463,474,464,465,466,467,468,469,470,473,673,674,675,676,677,678,679,680,681,682,683,684,685,686,687,688,689,744,745,746,747,748&Prime;][\/vc_column][\/vc_row]<\/p>\n","protected":false},"excerpt":{"rendered":"<p>[vc_row][vc_column][vc_column_text] Cloison BA 13, Placo, Siniat, cloison coupe feu Am\u00e9nagement de bureau dans l&rsquo;Oise et Val d&rsquo;Oise Nous intervenons dans l\u2019am\u00e9nagement de bureaux avec la pose de vos cloisons placo, pour nos clients commer\u00e7ants, entreprise, EHPAD, mairies et collectivit\u00e9s des villes de Beauvais, M\u00e9ru, Chambly, Persan, Creil, Chantilly, Luzarches, Senlis, Nogent-sur-Oise, Compi\u00e8gne, Cergy-Pontoise \u2026 Nos [&hellip;]<\/p>\n","protected":false},"author":1,"featured_media":0,"parent":0,"menu_order":0,"comment_status":"closed","ping_status":"closed","template":"","meta":[],"yoast_head":"<!-- This site is optimized with the Yoast SEO plugin v20.5 - https:\/\/yoast.com\/wordpress\/plugins\/seo\/ -->\n<title>Cloisons en BA13 l&#039;Oise et Val d&#039;Oise - Am\u00e9nagement de bureau - A+ Pose<\/title>\n<meta name=\"description\" content=\"Cloison de bureau Placo dans l&#039;Oise et le Val d&#039;oise : A+ Pose fournit un travail de qualit\u00e9 pour l&#039;am\u00e9nagement de vos bureaux dans l&#039;Oise, Val d&#039;Oise\" \/>\n<meta name=\"robots\" content=\"index, follow, max-snippet:-1, max-image-preview:large, max-video-preview:-1\" \/>\n<link rel=\"canonical\" href=\"https:\/\/www.apluspose.com\/galerie\/cloisons-placo-entreprise-batiment-oise-val-d-oise\/\" \/>\n<meta property=\"og:locale\" content=\"fr_FR\" \/>\n<meta property=\"og:type\" content=\"article\" \/>\n<meta property=\"og:title\" content=\"Cloisons en BA13 l&#039;Oise et Val d&#039;Oise - Am\u00e9nagement de bureau - A+ Pose\" \/>\n<meta property=\"og:description\" content=\"Cloison de bureau Placo dans l&#039;Oise et le Val d&#039;oise : A+ Pose fournit un travail de qualit\u00e9 pour l&#039;am\u00e9nagement de vos bureaux dans l&#039;Oise, Val d&#039;Oise\" \/>\n<meta property=\"og:url\" content=\"https:\/\/www.apluspose.com\/galerie\/cloisons-placo-entreprise-batiment-oise-val-d-oise\/\" \/>\n<meta property=\"og:site_name\" content=\"A plus pose - Sp\u00e9cialiste de l&#039;am\u00e9nagement et r\u00e9novation chez les particuliers et sp\u00e9cialiste des cloisons de bureaux pour les professionnels\" \/>\n<meta property=\"article:modified_time\" content=\"2021-06-21T09:30:51+00:00\" \/>\n<meta name=\"twitter:card\" content=\"summary_large_image\" \/>\n<meta name=\"twitter:label1\" content=\"Dur\u00e9e de lecture estim\u00e9e\" \/>\n\t<meta name=\"twitter:data1\" content=\"1 minute\" \/>\n<script type=\"application\/ld+json\" class=\"yoast-schema-graph\">{\"@context\":\"https:\/\/schema.org\",\"@graph\":[{\"@type\":\"WebPage\",\"@id\":\"https:\/\/www.apluspose.com\/galerie\/cloisons-placo-entreprise-batiment-oise-val-d-oise\/\",\"url\":\"https:\/\/www.apluspose.com\/galerie\/cloisons-placo-entreprise-batiment-oise-val-d-oise\/\",\"name\":\"Cloisons en BA13 l'Oise et Val d'Oise - Am\u00e9nagement de bureau - A+ Pose\",\"isPartOf\":{\"@id\":\"https:\/\/www.apluspose.com\/galerie\/#website\"},\"datePublished\":\"2020-01-13T17:20:04+00:00\",\"dateModified\":\"2021-06-21T09:30:51+00:00\",\"description\":\"Cloison de bureau Placo dans l'Oise et le Val d'oise : A+ Pose fournit un travail de qualit\u00e9 pour l'am\u00e9nagement de vos bureaux dans l'Oise, Val d'Oise\",\"breadcrumb\":{\"@id\":\"https:\/\/www.apluspose.com\/galerie\/cloisons-placo-entreprise-batiment-oise-val-d-oise\/#breadcrumb\"},\"inLanguage\":\"fr-FR\",\"potentialAction\":[{\"@type\":\"ReadAction\",\"target\":[\"https:\/\/www.apluspose.com\/galerie\/cloisons-placo-entreprise-batiment-oise-val-d-oise\/\"]}]},{\"@type\":\"BreadcrumbList\",\"@id\":\"https:\/\/www.apluspose.com\/galerie\/cloisons-placo-entreprise-batiment-oise-val-d-oise\/#breadcrumb\",\"itemListElement\":[{\"@type\":\"ListItem\",\"position\":1,\"name\":\"Accueil\",\"item\":\"https:\/\/www.apluspose.com\/galerie\/\"},{\"@type\":\"ListItem\",\"position\":2,\"name\":\"Cloisons en BA13\"}]},{\"@type\":\"WebSite\",\"@id\":\"https:\/\/www.apluspose.com\/galerie\/#website\",\"url\":\"https:\/\/www.apluspose.com\/galerie\/\",\"name\":\"A plus pose - Sp\u00e9cialiste de l&#039;am\u00e9nagement et r\u00e9novation chez les particuliers et sp\u00e9cialiste des cloisons de bureaux pour les professionnels\",\"description\":\"\",\"publisher\":{\"@id\":\"https:\/\/www.apluspose.com\/galerie\/#organization\"},\"potentialAction\":[{\"@type\":\"SearchAction\",\"target\":{\"@type\":\"EntryPoint\",\"urlTemplate\":\"https:\/\/www.apluspose.com\/galerie\/?s={search_term_string}\"},\"query-input\":\"required name=search_term_string\"}],\"inLanguage\":\"fr-FR\"},{\"@type\":\"Organization\",\"@id\":\"https:\/\/www.apluspose.com\/galerie\/#organization\",\"name\":\"A plus pose - Sp\u00e9cialiste de l&#039;am\u00e9nagement et r\u00e9novation chez les particuliers et sp\u00e9cialiste des cloisons de bureaux pour les professionnels\",\"url\":\"https:\/\/www.apluspose.com\/galerie\/\",\"logo\":{\"@type\":\"ImageObject\",\"inLanguage\":\"fr-FR\",\"@id\":\"https:\/\/www.apluspose.com\/galerie\/#\/schema\/logo\/image\/\",\"url\":\"https:\/\/www.apluspose.com\/galerie\/wp-content\/uploads\/2020\/01\/cropped-logo.png\",\"contentUrl\":\"https:\/\/www.apluspose.com\/galerie\/wp-content\/uploads\/2020\/01\/cropped-logo.png\",\"width\":100,\"height\":100,\"caption\":\"A plus pose - Sp\u00e9cialiste de l&#039;am\u00e9nagement et r\u00e9novation chez les particuliers et sp\u00e9cialiste des cloisons de bureaux pour les professionnels\"},\"image\":{\"@id\":\"https:\/\/www.apluspose.com\/galerie\/#\/schema\/logo\/image\/\"}}]}<\/script>\n<!-- \/ Yoast SEO plugin. -->","yoast_head_json":{"title":"Cloisons en BA13 l'Oise et Val d'Oise - Am\u00e9nagement de bureau - A+ Pose","description":"Cloison de bureau Placo dans l'Oise et le Val d'oise : A+ Pose fournit un travail de qualit\u00e9 pour l'am\u00e9nagement de vos bureaux dans l'Oise, Val d'Oise","robots":{"index":"index","follow":"follow","max-snippet":"max-snippet:-1","max-image-preview":"max-image-preview:large","max-video-preview":"max-video-preview:-1"},"canonical":"https:\/\/www.apluspose.com\/galerie\/cloisons-placo-entreprise-batiment-oise-val-d-oise\/","og_locale":"fr_FR","og_type":"article","og_title":"Cloisons en BA13 l'Oise et Val d'Oise - Am\u00e9nagement de bureau - A+ Pose","og_description":"Cloison de bureau Placo dans l'Oise et le Val d'oise : A+ Pose fournit un travail de qualit\u00e9 pour l'am\u00e9nagement de vos bureaux dans l'Oise, Val d'Oise","og_url":"https:\/\/www.apluspose.com\/galerie\/cloisons-placo-entreprise-batiment-oise-val-d-oise\/","og_site_name":"A plus pose - Sp\u00e9cialiste de l&#039;am\u00e9nagement et r\u00e9novation chez les particuliers et sp\u00e9cialiste des cloisons de bureaux pour les professionnels","article_modified_time":"2021-06-21T09:30:51+00:00","twitter_card":"summary_large_image","twitter_misc":{"Dur\u00e9e de lecture estim\u00e9e":"1 minute"},"schema":{"@context":"https:\/\/schema.org","@graph":[{"@type":"WebPage","@id":"https:\/\/www.apluspose.com\/galerie\/cloisons-placo-entreprise-batiment-oise-val-d-oise\/","url":"https:\/\/www.apluspose.com\/galerie\/cloisons-placo-entreprise-batiment-oise-val-d-oise\/","name":"Cloisons en BA13 l'Oise et Val d'Oise - Am\u00e9nagement de bureau - A+ Pose","isPartOf":{"@id":"https:\/\/www.apluspose.com\/galerie\/#website"},"datePublished":"2020-01-13T17:20:04+00:00","dateModified":"2021-06-21T09:30:51+00:00","description":"Cloison de bureau Placo dans l'Oise et le Val d'oise : A+ Pose fournit un travail de qualit\u00e9 pour l'am\u00e9nagement de vos bureaux dans l'Oise, Val d'Oise","breadcrumb":{"@id":"https:\/\/www.apluspose.com\/galerie\/cloisons-placo-entreprise-batiment-oise-val-d-oise\/#breadcrumb"},"inLanguage":"fr-FR","potentialAction":[{"@type":"ReadAction","target":["https:\/\/www.apluspose.com\/galerie\/cloisons-placo-entreprise-batiment-oise-val-d-oise\/"]}]},{"@type":"BreadcrumbList","@id":"https:\/\/www.apluspose.com\/galerie\/cloisons-placo-entreprise-batiment-oise-val-d-oise\/#breadcrumb","itemListElement":[{"@type":"ListItem","position":1,"name":"Accueil","item":"https:\/\/www.apluspose.com\/galerie\/"},{"@type":"ListItem","position":2,"name":"Cloisons en BA13"}]},{"@type":"WebSite","@id":"https:\/\/www.apluspose.com\/galerie\/#website","url":"https:\/\/www.apluspose.com\/galerie\/","name":"A plus pose - Sp\u00e9cialiste de l&#039;am\u00e9nagement et r\u00e9novation chez les particuliers et sp\u00e9cialiste des cloisons de bureaux pour les professionnels","description":"","publisher":{"@id":"https:\/\/www.apluspose.com\/galerie\/#organization"},"potentialAction":[{"@type":"SearchAction","target":{"@type":"EntryPoint","urlTemplate":"https:\/\/www.apluspose.com\/galerie\/?s={search_term_string}"},"query-input":"required name=search_term_string"}],"inLanguage":"fr-FR"},{"@type":"Organization","@id":"https:\/\/www.apluspose.com\/galerie\/#organization","name":"A plus pose - Sp\u00e9cialiste de l&#039;am\u00e9nagement et r\u00e9novation chez les particuliers et sp\u00e9cialiste des cloisons de bureaux pour les professionnels","url":"https:\/\/www.apluspose.com\/galerie\/","logo":{"@type":"ImageObject","inLanguage":"fr-FR","@id":"https:\/\/www.apluspose.com\/galerie\/#\/schema\/logo\/image\/","url":"https:\/\/www.apluspose.com\/galerie\/wp-content\/uploads\/2020\/01\/cropped-logo.png","contentUrl":"https:\/\/www.apluspose.com\/galerie\/wp-content\/uploads\/2020\/01\/cropped-logo.png","width":100,"height":100,"caption":"A plus pose - Sp\u00e9cialiste de l&#039;am\u00e9nagement et r\u00e9novation chez les particuliers et sp\u00e9cialiste des cloisons de bureaux pour les professionnels"},"image":{"@id":"https:\/\/www.apluspose.com\/galerie\/#\/schema\/logo\/image\/"}}]}},"_links":{"self":[{"href":"https:\/\/www.apluspose.com\/galerie\/wp-json\/wp\/v2\/pages\/134"}],"collection":[{"href":"https:\/\/www.apluspose.com\/galerie\/wp-json\/wp\/v2\/pages"}],"about":[{"href":"https:\/\/www.apluspose.com\/galerie\/wp-json\/wp\/v2\/types\/page"}],"author":[{"embeddable":true,"href":"https:\/\/www.apluspose.com\/galerie\/wp-json\/wp\/v2\/users\/1"}],"replies":[{"embeddable":true,"href":"https:\/\/www.apluspose.com\/galerie\/wp-json\/wp\/v2\/comments?post=134"}],"version-history":[{"count":6,"href":"https:\/\/www.apluspose.com\/galerie\/wp-json\/wp\/v2\/pages\/134\/revisions"}],"predecessor-version":[{"id":749,"href":"https:\/\/www.apluspose.com\/galerie\/wp-json\/wp\/v2\/pages\/134\/revisions\/749"}],"wp:attachment":[{"href":"https:\/\/www.apluspose.com\/galerie\/wp-json\/wp\/v2\/media?parent=134"}],"curies":[{"name":"wp","href":"https:\/\/api.w.org\/{rel}","templated":true}]}}